rime factors of 141346593?
3, 83, 63073
List the prime factors of 996656235.
3, 5, 37, 1795777
What are the prime factors of 1134849583?
7, 162121369
What are the prime factors of 27037323?
3, 19, 158113
List the prime factors of 1146689760.
2, 3, 5, 71, 33647
List the prime factors of 620341602.
2, 3, 19, 23, 103, 2297
List the prime factors of 32363765.
5, 7, 113, 167
What are the prime factors of 5845987?
7, 835141
What are the prime factors of 204532689?
3, 197, 346079
What are the prime factors of 192942088?
2, 191, 126271
What are the prime factors of 2960760977?
83, 35671819
List the prime factors of 10107655.
5, 79, 25589
List the prime factors of 227595584.
2, 37, 223, 431
What are the prime factors of 26224996?
2, 7, 133801
What are the prime factors of 44307520?
2, 5, 138461
List the prime factors of 242748208.
2, 41, 509, 727
List the prime factors of 96732101.
83, 1165447
List the prime factors of 472271042.
2, 236135521
What are the prime factors of 267203903?
23, 11617561
List the prime factors of 50050236.
2, 3, 257, 16229
List the prime factors of 692560655.
5, 2939, 47129
List the prime factors of 1228228752.
2, 3, 131, 195329
List the prime factors of 1506176925.
3, 5, 11, 61, 173
List the prime factors of 82675228.
2, 997, 20731
List the prime factors of 57535018.
2, 28767509
What are the prime factors of 210679853?
41, 5138533
What are the prime factors of 91131845?
5, 7, 1223, 2129
List the prime factors of 147591732.
2, 3, 193, 63727
What are the prime factors of 310470069?
3, 7, 13, 87481
What are the prime factors of 4931483?
293, 16831
What are the prime factors of 473016565?
5, 7, 13514759
List the prime factors of 594262261.
71, 8369891
List the prime factors of 2500146041.
3797, 658453
List the prime factors of 327108622.
2, 23, 7111057
What are the prime factors of 1934632858?
2, 19, 139, 366269
What are the prime factors of 5203500843?
3, 107, 1093, 14831
List the prime factors of 2482114917.
3, 83, 269, 37057
What are the prime factors of 1037820654?
2, 3, 13, 97, 15241
List the prime factors of 117439498.
2, 11, 41, 130199
List the prime factors of 99119543.
2659, 37277
What are the prime factors of 1019188078?
2, 5387, 94597
List the prime factors of 28471199.
28471199
What are the prime factors of 311187430?
2, 5, 31118743
What are the prime factors of 1305883764?
2, 3, 17, 2133797
What are the prime factors of 30964263?
3, 11, 197, 433
List the prime factors of 71702131.
1999, 35869
List the prime factors of 44911288.
2, 19, 15551
What are the prime factors of 1488256600?
2, 5, 7441283
List the prime factors of 7911973942.
2, 43, 91999697
List the prime factors of 58978215.
3, 5, 1310627
What are the prime factors of 97628624?
2, 6101789
List the prime factors of 8076634117.
8076634117
What are the prime factors of 1393613021?
1393613021
What are the prime factors of 566079186?
2, 3, 47, 1153, 1741
What are the prime factors of 8020076021?
269, 1381, 21589
What are the prime factors of 1004908086?
2, 3, 7, 13, 37, 5527
What are the prime factors of 1988772191?
7, 277, 1025669
List the prime factors of 79018477.
43, 1837639
What are the prime factors of 173326248?
2, 3, 2407309
List the prime factors of 425915305.
5, 19, 4483319
List the prime factors of 119249144.
2, 7, 61, 4987
List the prime factors of 911886762.
2, 3, 31, 47, 104311
What are the prime factors of 281601029?
23, 101, 241, 503
List the prime factors of 314055458.
2, 157027729
What are the prime factors of 646271388?
2, 3, 7, 17, 23, 937
List the prime factors of 1544299687.
7, 3779, 58379
What are the prime factors of 57991914?
2, 3, 19, 169567
What are the prime factors of 1046363251?
11717, 89303
List the prime factors of 511060219.
511060219
What are the prime factors of 208069027?
199, 1045573
List the prime factors of 451864991.
1021, 442571
What are the prime factors of 51070291?
51070291
What are the prime factors of 63245630?
2, 5, 7, 23, 163, 241
List the prime factors of 19214793.
3, 13, 4211
What are the prime factors of 42141375?
3, 5, 47, 797
List the prime factors of 2753196169.
2753196169
List the prime factors of 350078363.
19, 18425177
What are the prime factors of 1381112477?
73, 103, 183683
What are the prime factors of 62634452?
2, 97, 109, 1481
What are the prime factors of 884887850?
2, 5, 7, 11, 229841
What are the prime factors of 50525940?
2, 3, 5, 19, 23, 41, 47
List the prime factors of 444481357.
444481357
List the prime factors of 105048587.
7, 19, 37, 21347
List the prime factors of 6019548897.
3, 19, 105606121
List the prime factors of 54920323.
1229, 44687
What are the prime factors of 3457351648?
2, 227, 475957
List the prime factors of 84508993.
397, 212869
List the prime factors of 53054145.
3, 5, 1178981
What are the prime factors of 10995103?
7, 1570729
List the prime factors of 36257558.
2, 37, 181, 2707
List the prime factors of 110466648.
2, 3, 79, 19421
What are the prime factors of 96199184?
2, 683, 8803
What are the prime factors of 1519996847?
787, 1931381
What are the prime factors of 2728181683?
8353, 326611
List the prime factors of 47667282.
2, 3, 13, 389, 1571
What are the prime factors of 68378292?
2, 3, 79, 24043
What are the prime factors of 1112620120?
2, 5, 27815503
What are the prime factors of 1106929253?
1106929253
List the prime factors of 554280202.
2, 7, 37, 1070039
List the prime factors of 182202238.
2, 91101119
List the prime factors of 579078699.
3, 29, 6656077
List the prime factors of 6787573797.
3, 2262524599
What are the prime factors of 9162736?
2, 11, 79, 659
What are the prime factors of 340892199?
3, 103, 122579
List the prime factors of 7100156.
2, 7, 61, 4157
What are the prime factors of 867135147?
3, 289045049
What are the prime factors of 307706633?
13, 2711, 8731
What are the prime factors of 625678288?
2, 37, 47, 113, 199
What are the prime factors of 134896707?
3, 11, 509, 2677
List the prime factors of 720604592.
2, 45037787
List the prime factors of 3469394282.
2, 1734697141
List the prime factors of 13090377.
3, 4363459
List the prime factors of 277753643.
277753643
List the prime factors of 677163155.
5, 443, 305717
List the prime factors of 103478128.
2, 13, 497491
What are the prime factors of 1613778320?
2, 5, 7, 11, 261977
List the prime factors of 4606926799.
151, 421, 72469
What are the prime factors of 81733944?
2, 3, 797, 4273
List the prime factors of 27102866.
2, 7, 31, 197, 317
What are the prime factors of 2735888664?
2, 3, 109, 1045829
List the prime factors of 4519170214.
2, 13, 17, 10224367
What are the prime factors of 2352318627?
3, 113, 6938993
List the prime factors of 58351818.
2, 3, 7, 1389329
List the prime factors of 1747356804.
2, 3, 3803, 12763
What are the prime factors of 14767768?
2, 1033, 1787
What are the prime factors of 27930684?
2, 3, 19, 122503
What are the prime factors of 1852431271?
43, 127, 339211
What are the prime factors of 480787132?
2, 7, 17, 211, 4787
List the prime factors of 57661706.
2, 28830853
List the prime factors of 6370860100.
2, 5, 11, 281, 20611
List the prime factors of 44534884.
2, 223, 49927
What are the prime factors of 2998046847?
3, 999348949
List the prime factors of 115008688.
2, 113, 63611
List the prime factors of 142865110.
2, 5, 17, 181, 4643
What are the prime factors of 1076424137?
653, 1648429
What are the prime factors of 553995033?
3, 29, 97, 65647
List the prime factors of 236635622.
2, 43, 2751577
What are the prime factors of 231933718?
2, 2083, 55673
List the prime factors of 83315287.
11, 149, 50833
What are the prime factors of 62543632?
2, 977, 4001
List the prime factors of 712797253.
7, 47, 2166557
What are the prime factors of 43520271?
3, 29, 500233
List the prime factors of 35212932.
2, 3, 41, 23857
List the prime factors of 316513959.
3, 5743, 18371
What are the prime factors of 273910023?
3, 19, 1601813
List the prime factors of 28705023.
3, 354383
List the prime factors of 68937698.
2, 29, 1188581
List the prime factors of 3097385803.
29, 8537, 12511
List the prime factors of 131570156.
2, 32892539
List the prime factors of 7078085909.
313, 22613693
What are the prime factors of 32064565?
5, 13, 493301
What are the prime factors of 458422346?
2, 587, 390479
What are th